{"id":189,"date":"2026-02-24T10:12:16","date_gmt":"2026-02-24T09:12:16","guid":{"rendered":"https:\/\/zukunft-der-industrie.de\/ki-bootcamp\/?page_id=189"},"modified":"2026-02-24T15:48:37","modified_gmt":"2026-02-24T14:48:37","slug":"impressum","status":"publish","type":"page","link":"https:\/\/zukunft-der-industrie.de\/ki-bootcamp\/impressum\/","title":{"rendered":"Impressum"},"content":{"rendered":"\t\t<div data-elementor-type=\"wp-page\" data-elementor-id=\"189\" class=\"elementor elementor-189\" data-elementor-post-type=\"page\">\n\t\t\t\t<div class=\"elementor-element elementor-element-2da3970 e-flex e-con-boxed e-con e-parent\" data-id=\"2da3970\" data-element_type=\"container\" data-e-type=\"container\">\n\t\t\t\t\t<div class=\"e-con-inner\">\n\t\t\t\t<div class=\"elementor-element elementor-element-444f2d8 verlauf elementor-widget elementor-widget-heading\" data-id=\"444f2d8\" data-element_type=\"widget\" data-e-type=\"widget\" data-widget_type=\"heading.default\">\n\t\t\t\t\t<h1 class=\"elementor-heading-title elementor-size-default\">Impressum<\/h1>\t\t\t\t<\/div>\n\t\t\t\t\t<\/div>\n\t\t\t\t<\/div>\n\t\t<div class=\"elementor-element elementor-element-bea8b3f e-flex e-con-boxed e-con e-parent\" data-id=\"bea8b3f\" data-element_type=\"container\" data-e-type=\"container\">\n\t\t\t\t\t<div class=\"e-con-inner\">\n\t\t\t\t<div class=\"elementor-element elementor-element-746ab97 elementor-widget elementor-widget-text-editor\" data-id=\"746ab97\" data-element_type=\"widget\" data-e-type=\"widget\" data-widget_type=\"text-editor.default\">\n\t\t\t\t\t\t\t\t\t<p><strong>Anbieter im Sinne von \u00a7 5 TMG \/ \u00a7 18 Abs. 1 MStV<\/strong><\/p><p><strong>MBmedien Group GmbH<\/strong><br \/>Europark Fichtenhain A 4\u00a0<br \/>47807 Krefeld<\/p><p>Telefon: 02151 \/ 5192-0<br \/>Telefax: 02151 \/ 5192-999<br \/>Email:\u00a0<a>info(at)mbmedien.de<\/a><br \/>Website:\u00a0<a href=\"https:\/\/www.mbmedien.group\/\" target=\"_blank\" rel=\"noopener\">https:\/\/www.mbmedien.group<\/a><\/p><p><strong>Vertretungsberechtigte Gesch\u00e4ftsf\u00fchrer:<\/strong><br \/>Stefan L\u00fcschow<br \/>Stefanie Schroeter-Ahl<\/p><p><strong>Handelsregister:<\/strong><br \/>Amtsgericht Krefeld HRB 8932<\/p><p><strong>Umsatzsteuer ID-Nummer:<\/strong><br \/>DE 192 325 611<\/p>\t\t\t\t\t\t\t\t<\/div>\n\t\t\t\t\t<\/div>\n\t\t\t\t<\/div>\n\t\t<div class=\"elementor-element elementor-element-62bbdf2 e-flex e-con-boxed e-con e-parent\" data-id=\"62bbdf2\" data-element_type=\"container\" data-e-type=\"container\">\n\t\t\t\t\t<div class=\"e-con-inner\">\n\t\t\t\t<div class=\"elementor-element elementor-element-beb04a2 verlauf elementor-widget elementor-widget-heading\" data-id=\"beb04a2\" data-element_type=\"widget\" data-e-type=\"widget\" data-widget_type=\"heading.default\">\n\t\t\t\t\t<h2 class=\"elementor-heading-title elementor-size-default\">DISCLAIMER<\/h2>\t\t\t\t<\/div>\n\t\t\t\t<div class=\"elementor-element elementor-element-a4527d4 elementor-widget elementor-widget-text-editor\" data-id=\"a4527d4\" data-element_type=\"widget\" data-e-type=\"widget\" data-widget_type=\"text-editor.default\">\n\t\t\t\t\t\t\t\t\t<p class=\"\">Als Diensteanbieter ist MBmedien\u00a0gem\u00e4\u00df \u00a7 7 Abs.1 TMG f\u00fcr eigene Inhalte auf diesen Seiten nach den allgemeinen Gesetzen verantwortlich. Nach \u00a7\u00a7 8 bis 10 TMG sind wir als Diensteanbieter jedoch nicht verpflichtet, \u00fcbermittelte oder gespeicherte fremde Informationen zu \u00fcberwachen oder nach Umst\u00e4nden zu forschen, die auf eine rechtswidrige T\u00e4tigkeit hinweisen. Verpflichtungen zur Entfernung oder Sperrung der Nutzung von Informationen nach den allgemeinen Gesetzen bleiben hiervon unber\u00fchrt. Eine diesbez\u00fcgliche Haftung ist jedoch erst ab dem Zeitpunkt der Kenntnis einer konkreten Rechtsverletzung m\u00f6glich. Bei Bekanntwerden entsprechender Rechtsverletzungen werden wir diese Inhalte umgehend entfernen.<\/p><p><strong>Haftung f\u00fcr Links zu anderen Websites<\/strong><br \/>Die MBmedien Webseiten enthalten Links zu externen Webseiten. Auf Inhalte von Kunden- oder Partnerseiten, Dienstleister- oder Herstellerseiten sowie Autoren-Blogs oder Webseiten, auf welche wir im Rahmen unserer kuratierten News, in E-Mail-Newslettern oder im Blog verweisen (Link- &amp; Lesetipps zu externen Online-Publikationen sowie Quellangaben), haben wir keinen Einfluss. Deshalb k\u00f6nnen wir f\u00fcr diese fremden Inhalte keine Gew\u00e4hr \u00fcbernehmen. F\u00fcr die Inhalte verlinkter Seiten ist stets der jeweilige Betreiber verantwortlich. MBmedien kann ebenso f\u00fcr die Datenschutzstrategie fremder Webseiten keinerlei Verantwortung \u00fcbernehmen. Rechtswidrige Inhalte oder Methoden waren f\u00fcr MBmedien zum Zeitpunkt der Verlinkung nicht erkennbar. Da eine permanente inhaltliche Kontrolle verlinkter Seiten ohne konkrete Anhaltspunkte einer Rechtsverletzung nicht zumutbar ist, bitten wir Sie um einen entsprechenden Hinweis f\u00fcr den Fall, dass Sie datenschutzverletzende oder rechtswidrige Inhalte auf verlinkten Webseiten feststellen. Bei Bekanntwerden entsprechender Rechtsverletzungen wird MBmedien derartige Links umgehend entfernen.<\/p><p><strong>Urheberrecht<\/strong><br \/>Die durch MBmedien erstellten Inhalte und Werke auf diesen Seiten unterliegen dem deutschen Urheberrecht. Die Vervielf\u00e4ltigung, Bearbeitung, Verbreitung sowie jede Art der Verwertung au\u00dferhalb der Grenzen des Urheberrechtes bed\u00fcrfen unserer schriftlichen Zustimmung. Downloads und Kopien dieser Seite sind nur f\u00fcr den nicht kommerziellen Gebrauch\u00a0sowie f\u00fcr den aktiv angebotenen und vorgesehenen Verwendungszweck gestattet.<\/p><p>Soweit Inhalte auf dieser Seite nicht von MBmedien erstellt wurden, werden die Urheberrechte Dritter beachtet. Insbesondere werden Inhalte Dritter nur nach Absprache verwendet und als solche gekennzeichnet. Sollten Sie trotz unseres sorgf\u00e4ltigen Umgangs mit allen Inhalten auf eine Urheberrechtsverletzung aufmerksam werden, bitten wir um einen entsprechenden Hinweis. Bei Bekanntwerden von Rechtsverletzungen werden wir derartige Inhalte umgehend entfernen.<\/p>\t\t\t\t\t\t\t\t<\/div>\n\t\t\t\t\t<\/div>\n\t\t\t\t<\/div>\n\t\t\t\t<\/div>\n\t\t","protected":false},"excerpt":{"rendered":"<p>Impressum Anbieter im Sinne von \u00a7 5 TMG \/ \u00a7 18 Abs. 1 MStV MBmedien Group GmbHEuropark Fichtenhain A 4\u00a047807 Krefeld Telefon: 02151 \/ 5192-0Telefax: 02151 \/ 5192-999Email:\u00a0info(at)mbmedien.deWebsite:\u00a0https:\/\/www.mbmedien.group Vertretungsberechtigte Gesch\u00e4ftsf\u00fchrer:Stefan L\u00fcschowStefanie Schroeter-Ahl Handelsregister:Amtsgericht Krefeld HRB 8932 Umsatzsteuer ID-Nummer:DE 192 325 611 DISCLAIMER Als Diensteanbieter ist MBmedien\u00a0gem\u00e4\u00df \u00a7 7 Abs.1 TMG f\u00fcr eigene Inhalte auf diesen [&hellip;]<\/p>\n","protected":false},"author":8,"featured_media":285,"parent":0,"menu_order":0,"comment_status":"closed","ping_status":"closed","template":"","meta":{"inline_featured_image":false,"footnotes":""},"class_list":["post-189","page","type-page","status-publish","has-post-thumbnail","hentry"],"yoast_head":"<!-- This site is optimized with the Yoast SEO plugin v27.3 - https:\/\/yoast.com\/product\/yoast-seo-wordpress\/ -->\n<title>Impressum - KI-Bootcamp<\/title>\n<meta name=\"robots\" content=\"index, follow, max-snippet:-1, max-image-preview:large, max-video-preview:-1\" \/>\n<link rel=\"canonical\" href=\"https:\/\/zukunft-der-industrie.de\/ki-bootcamp\/impressum\/\" \/>\n<meta property=\"og:locale\" content=\"de_DE\" \/>\n<meta property=\"og:type\" content=\"article\" \/>\n<meta property=\"og:title\" content=\"Impressum - KI-Bootcamp\" \/>\n<meta property=\"og:description\" content=\"Impressum Anbieter im Sinne von \u00a7 5 TMG \/ \u00a7 18 Abs. 1 MStV MBmedien Group GmbHEuropark Fichtenhain A 4\u00a047807 Krefeld Telefon: 02151 \/ 5192-0Telefax: 02151 \/ 5192-999Email:\u00a0info(at)mbmedien.deWebsite:\u00a0https:\/\/www.mbmedien.group Vertretungsberechtigte Gesch\u00e4ftsf\u00fchrer:Stefan L\u00fcschowStefanie Schroeter-Ahl Handelsregister:Amtsgericht Krefeld HRB 8932 Umsatzsteuer ID-Nummer:DE 192 325 611 DISCLAIMER Als Diensteanbieter ist MBmedien\u00a0gem\u00e4\u00df \u00a7 7 Abs.1 TMG f\u00fcr eigene Inhalte auf diesen [&hellip;]\" \/>\n<meta property=\"og:url\" content=\"https:\/\/zukunft-der-industrie.de\/ki-bootcamp\/impressum\/\" \/>\n<meta property=\"og:site_name\" content=\"KI-Bootcamp\" \/>\n<meta property=\"article:modified_time\" content=\"2026-02-24T14:48:37+00:00\" \/>\n<meta property=\"og:image\" content=\"https:\/\/zukunft-der-industrie.de\/ki-bootcamp\/wp-content\/uploads\/sites\/12\/2026\/02\/Featured_Image_Start.jpg\" \/>\n\t<meta property=\"og:image:width\" content=\"1200\" \/>\n\t<meta property=\"og:image:height\" content=\"627\" \/>\n\t<meta property=\"og:image:type\" content=\"image\/jpeg\" \/>\n<meta name=\"twitter:card\" content=\"summary_large_image\" \/>\n<meta name=\"twitter:label1\" content=\"Gesch\u00e4tzte Lesezeit\" \/>\n\t<meta name=\"twitter:data1\" content=\"3\u00a0Minuten\" \/>\n<script type=\"application\/ld+json\" class=\"yoast-schema-graph\">{\"@context\":\"https:\\\/\\\/schema.org\",\"@graph\":[{\"@type\":\"WebPage\",\"@id\":\"https:\\\/\\\/zukunft-der-industrie.de\\\/ki-bootcamp\\\/impressum\\\/\",\"url\":\"https:\\\/\\\/zukunft-der-industrie.de\\\/ki-bootcamp\\\/impressum\\\/\",\"name\":\"Impressum - KI-Bootcamp\",\"isPartOf\":{\"@id\":\"https:\\\/\\\/zukunft-der-industrie.de\\\/ki-bootcamp\\\/#website\"},\"primaryImageOfPage\":{\"@id\":\"https:\\\/\\\/zukunft-der-industrie.de\\\/ki-bootcamp\\\/impressum\\\/#primaryimage\"},\"image\":{\"@id\":\"https:\\\/\\\/zukunft-der-industrie.de\\\/ki-bootcamp\\\/impressum\\\/#primaryimage\"},\"thumbnailUrl\":\"https:\\\/\\\/zukunft-der-industrie.de\\\/ki-bootcamp\\\/wp-content\\\/uploads\\\/sites\\\/12\\\/2026\\\/02\\\/Featured_Image_Start.jpg\",\"datePublished\":\"2026-02-24T09:12:16+00:00\",\"dateModified\":\"2026-02-24T14:48:37+00:00\",\"breadcrumb\":{\"@id\":\"https:\\\/\\\/zukunft-der-industrie.de\\\/ki-bootcamp\\\/impressum\\\/#breadcrumb\"},\"inLanguage\":\"de\",\"potentialAction\":[{\"@type\":\"ReadAction\",\"target\":[\"https:\\\/\\\/zukunft-der-industrie.de\\\/ki-bootcamp\\\/impressum\\\/\"]}]},{\"@type\":\"ImageObject\",\"inLanguage\":\"de\",\"@id\":\"https:\\\/\\\/zukunft-der-industrie.de\\\/ki-bootcamp\\\/impressum\\\/#primaryimage\",\"url\":\"https:\\\/\\\/zukunft-der-industrie.de\\\/ki-bootcamp\\\/wp-content\\\/uploads\\\/sites\\\/12\\\/2026\\\/02\\\/Featured_Image_Start.jpg\",\"contentUrl\":\"https:\\\/\\\/zukunft-der-industrie.de\\\/ki-bootcamp\\\/wp-content\\\/uploads\\\/sites\\\/12\\\/2026\\\/02\\\/Featured_Image_Start.jpg\",\"width\":1200,\"height\":627},{\"@type\":\"BreadcrumbList\",\"@id\":\"https:\\\/\\\/zukunft-der-industrie.de\\\/ki-bootcamp\\\/impressum\\\/#breadcrumb\",\"itemListElement\":[{\"@type\":\"ListItem\",\"position\":1,\"name\":\"Start\",\"item\":\"https:\\\/\\\/zukunft-der-industrie.de\\\/ki-bootcamp\\\/\"},{\"@type\":\"ListItem\",\"position\":2,\"name\":\"Impressum\"}]},{\"@type\":\"WebSite\",\"@id\":\"https:\\\/\\\/zukunft-der-industrie.de\\\/ki-bootcamp\\\/#website\",\"url\":\"https:\\\/\\\/zukunft-der-industrie.de\\\/ki-bootcamp\\\/\",\"name\":\"KI-Bootcamp\",\"description\":\"\",\"potentialAction\":[{\"@type\":\"SearchAction\",\"target\":{\"@type\":\"EntryPoint\",\"urlTemplate\":\"https:\\\/\\\/zukunft-der-industrie.de\\\/ki-bootcamp\\\/?s={search_term_string}\"},\"query-input\":{\"@type\":\"PropertyValueSpecification\",\"valueRequired\":true,\"valueName\":\"search_term_string\"}}],\"inLanguage\":\"de\"}]}<\/script>\n<!-- \/ Yoast SEO plugin. -->","yoast_head_json":{"title":"Impressum - KI-Bootcamp","robots":{"index":"index","follow":"follow","max-snippet":"max-snippet:-1","max-image-preview":"max-image-preview:large","max-video-preview":"max-video-preview:-1"},"canonical":"https:\/\/zukunft-der-industrie.de\/ki-bootcamp\/impressum\/","og_locale":"de_DE","og_type":"article","og_title":"Impressum - KI-Bootcamp","og_description":"Impressum Anbieter im Sinne von \u00a7 5 TMG \/ \u00a7 18 Abs. 1 MStV MBmedien Group GmbHEuropark Fichtenhain A 4\u00a047807 Krefeld Telefon: 02151 \/ 5192-0Telefax: 02151 \/ 5192-999Email:\u00a0info(at)mbmedien.deWebsite:\u00a0https:\/\/www.mbmedien.group Vertretungsberechtigte Gesch\u00e4ftsf\u00fchrer:Stefan L\u00fcschowStefanie Schroeter-Ahl Handelsregister:Amtsgericht Krefeld HRB 8932 Umsatzsteuer ID-Nummer:DE 192 325 611 DISCLAIMER Als Diensteanbieter ist MBmedien\u00a0gem\u00e4\u00df \u00a7 7 Abs.1 TMG f\u00fcr eigene Inhalte auf diesen [&hellip;]","og_url":"https:\/\/zukunft-der-industrie.de\/ki-bootcamp\/impressum\/","og_site_name":"KI-Bootcamp","article_modified_time":"2026-02-24T14:48:37+00:00","og_image":[{"width":1200,"height":627,"url":"https:\/\/zukunft-der-industrie.de\/ki-bootcamp\/wp-content\/uploads\/sites\/12\/2026\/02\/Featured_Image_Start.jpg","type":"image\/jpeg"}],"twitter_card":"summary_large_image","twitter_misc":{"Gesch\u00e4tzte Lesezeit":"3\u00a0Minuten"},"schema":{"@context":"https:\/\/schema.org","@graph":[{"@type":"WebPage","@id":"https:\/\/zukunft-der-industrie.de\/ki-bootcamp\/impressum\/","url":"https:\/\/zukunft-der-industrie.de\/ki-bootcamp\/impressum\/","name":"Impressum - KI-Bootcamp","isPartOf":{"@id":"https:\/\/zukunft-der-industrie.de\/ki-bootcamp\/#website"},"primaryImageOfPage":{"@id":"https:\/\/zukunft-der-industrie.de\/ki-bootcamp\/impressum\/#primaryimage"},"image":{"@id":"https:\/\/zukunft-der-industrie.de\/ki-bootcamp\/impressum\/#primaryimage"},"thumbnailUrl":"https:\/\/zukunft-der-industrie.de\/ki-bootcamp\/wp-content\/uploads\/sites\/12\/2026\/02\/Featured_Image_Start.jpg","datePublished":"2026-02-24T09:12:16+00:00","dateModified":"2026-02-24T14:48:37+00:00","breadcrumb":{"@id":"https:\/\/zukunft-der-industrie.de\/ki-bootcamp\/impressum\/#breadcrumb"},"inLanguage":"de","potentialAction":[{"@type":"ReadAction","target":["https:\/\/zukunft-der-industrie.de\/ki-bootcamp\/impressum\/"]}]},{"@type":"ImageObject","inLanguage":"de","@id":"https:\/\/zukunft-der-industrie.de\/ki-bootcamp\/impressum\/#primaryimage","url":"https:\/\/zukunft-der-industrie.de\/ki-bootcamp\/wp-content\/uploads\/sites\/12\/2026\/02\/Featured_Image_Start.jpg","contentUrl":"https:\/\/zukunft-der-industrie.de\/ki-bootcamp\/wp-content\/uploads\/sites\/12\/2026\/02\/Featured_Image_Start.jpg","width":1200,"height":627},{"@type":"BreadcrumbList","@id":"https:\/\/zukunft-der-industrie.de\/ki-bootcamp\/impressum\/#breadcrumb","itemListElement":[{"@type":"ListItem","position":1,"name":"Start","item":"https:\/\/zukunft-der-industrie.de\/ki-bootcamp\/"},{"@type":"ListItem","position":2,"name":"Impressum"}]},{"@type":"WebSite","@id":"https:\/\/zukunft-der-industrie.de\/ki-bootcamp\/#website","url":"https:\/\/zukunft-der-industrie.de\/ki-bootcamp\/","name":"KI-Bootcamp","description":"","potentialAction":[{"@type":"SearchAction","target":{"@type":"EntryPoint","urlTemplate":"https:\/\/zukunft-der-industrie.de\/ki-bootcamp\/?s={search_term_string}"},"query-input":{"@type":"PropertyValueSpecification","valueRequired":true,"valueName":"search_term_string"}}],"inLanguage":"de"}]}},"_links":{"self":[{"href":"https:\/\/zukunft-der-industrie.de\/ki-bootcamp\/wp-json\/wp\/v2\/pages\/189","targetHints":{"allow":["GET"]}}],"collection":[{"href":"https:\/\/zukunft-der-industrie.de\/ki-bootcamp\/wp-json\/wp\/v2\/pages"}],"about":[{"href":"https:\/\/zukunft-der-industrie.de\/ki-bootcamp\/wp-json\/wp\/v2\/types\/page"}],"author":[{"embeddable":true,"href":"https:\/\/zukunft-der-industrie.de\/ki-bootcamp\/wp-json\/wp\/v2\/users\/8"}],"replies":[{"embeddable":true,"href":"https:\/\/zukunft-der-industrie.de\/ki-bootcamp\/wp-json\/wp\/v2\/comments?post=189"}],"version-history":[{"count":7,"href":"https:\/\/zukunft-der-industrie.de\/ki-bootcamp\/wp-json\/wp\/v2\/pages\/189\/revisions"}],"predecessor-version":[{"id":201,"href":"https:\/\/zukunft-der-industrie.de\/ki-bootcamp\/wp-json\/wp\/v2\/pages\/189\/revisions\/201"}],"wp:featuredmedia":[{"embeddable":true,"href":"https:\/\/zukunft-der-industrie.de\/ki-bootcamp\/wp-json\/wp\/v2\/media\/285"}],"wp:attachment":[{"href":"https:\/\/zukunft-der-industrie.de\/ki-bootcamp\/wp-json\/wp\/v2\/media?parent=189"}],"curies":[{"name":"wp","href":"https:\/\/api.w.org\/{rel}","templated":true}]}}